base 10, what is 1146101 - 3?
1146098
In base 14, what is -1 - b942775?
-b942776
In base 7, what is 14 - -130626625?
130626642
In base 11, what is 13 + 163a39?
163a51
In base 16, what is 8216db + 71?
82174c
In base 10, what is -3 - -147034614?
147034611
In base 6, what is -2 + 405124253?
405124251
In base 2, what is 110100011001101001100011001 - 10?
110100011001101001100010111
In base 10, what is -56589128 + 2?
-56589126
In base 3, what is -1001011010212 - -212100?
-1001010021112
In base 5, what is 2 + 32222304412?
32222304414
In base 9, what is -674800614 - 2?
-674800616
In base 4, what is -123 - -1022231232?
1022231103
In base 2, what is -111011010001110101111011 + -110000?
-111011010001110110101011
In base 16, what is -3 - 81caad?
-81cab0
In base 14, what is 3406a6 + 1c?
3406c4
In base 10, what is -11688 + 4030?
-7658
In base 2, what is 110011011111101100010 - -10000100?
110011011111111100110
In base 16, what is b0bd + 2ae?
b36b
In base 12, what is -662909 - -10?
-6628b9
In base 10, what is 16 + -7672879?
-7672863
In base 11, what is 475038 + 8?
475045
In base 9, what is -482510035 + -6?
-482510042
In base 16, what is -5bd0f + 89?
-5bc86
In base 4, what is -123000332102221 + -2?
-123000332102223
In base 2, what is -101100100001 + 10111101000110111?
10110111100010110
In base 5, what is -44 + -12202244?
-12202343
In base 11, what is 9 + -2432332?
-2432324
In base 10, what is 575 + 150665?
151240
In base 3, what is -21211 - -120010022010?
120010000022
In base 2, what is 10110010011101111101110 + 100?
10110010011101111110010
In base 8, what is -100452421 - 16?
-100452437
In base 2, what is -1 + 10100000000100111100?
10100000000100111011
In base 12, what is 156728 + -320?
156408
In base 2, what is -1101001001011001111010 + 1011?
-1101001001011001101111
In base 13, what is 24 - cb1b22?
-cb1acb
In base 9, what is 1365 - 11606?
-10231
In base 8, what is -2 + 117145107?
117145105
In base 9, what is -123 - -4448458?
4448335
In base 16, what is 631c - -137a?
7696
In base 12, what is -147 + 12b49b?
12b354
In base 9, what is 10167155 - 0?
10167155
In base 12, what is -52 - -114792?
114740
In base 3, what is 1012222 - -20210101?
22000100
In base 16, what is 33d87a + -3?
33d877
In base 14, what is -3b0ad - 37?
-3b106
In base 14, what is 0 - 3c2bd9?
-3c2bd9
In base 9, what is 115 + 317481?
317606
In base 16, what is 1ec6e3a + 3?
1ec6e3d
In base 4, what is -20003232211 - -12?
-20003232133
In base 15, what is 8c + -3dabe0?
-3dab53
In base 14, what is -1d - -11bc?
119d
In base 13, what is -158 + -2940c?
-29567
In base 4, what is -2023 + -203323223?
-203331312
In base 15, what is 3562ab99 - 0?
3562ab99
In base 8, what is -102411 + -233?
-102644
In base 13, what is 0 - -23595686?
23595686
In base 15, what is -4 - 1403050?
-1403054
In base 5, what is -2 + -1114043031?
-1114043033
In base 9, what is 3 - 17015568?
-17015565
In base 2, what is -1001 + -1111110000011101011?
-1111110000011110100
In base 2, what is -11001001111110 - -11111010000?
-10101010101110
In base 15, what is 27b4 - 1d5c?
957
In base 2, what is 10111111111110000011000 - 101?
10111111111110000010011
In base 9, what is 1723057 - -1162?
1724230
In base 4, what is -3130322123 - 20?
-3130322203
In base 16, what is 42 + -42efd?
-42ebb
In base 5, what is 232 + 42302244?
42303031
In base 5, what is 1000224341 + -24?
1000224312
In base 6, what is -24413 - 533051?
-1001504
In base 11, what is -53698 + 9580?
-45118
In base 12, what is 247a958 + -5?
247a953
In base 7, what is 123005 + 355?
123363
In base 4, what is -3001313 - 1333231?
-11001210
In base 7, what is 24 - -26135462?
26135516
In base 10, what is -1062771 + -45?
-1062816
In base 3, what is 2222202002011 - -212?
2222202010000
In base 9, what is -14057 + 27661?
13603
In base 16, what is -5 - -17eac?
17ea7
In base 10, what is 1191 + 321643?
322834
In base 15, what is 206e4 + -49?
2069a
In base 9, what is 101 + -138372?
-138271
In base 14, what is 573277b - 1?
573277a
In base 10, what is -548360 - -42?
-548318
In base 16, what is -4b64e71 + -5?
-4b64e76
In base 16, what is -d532 - -63?
-d4cf
In base 12, what is -4224 - bb?
-4323
In base 8, what is 435 + -5200757?
-5200322
In base 11, what is -126597 - -42?
-126555
In base 11, what is 48857 + -712?
48145
In base 16, what is 280 - -205e?
22de
In base 3, what is 11220 - 1010111221?
-1010100001
In base 12, what is 118 - -137226?
137342
In base 15, what is 144 + -345?
-201
In base 2, what is 10001000 - 101111110010110011111?
-101111110010100010111
In base 15, what is 3 - -4321ca?
4321cd
In base 5, what is -12301031222 + 1?
-12301031221
In base 14, what is -7 - 7c2a9?
-7c2b2
In base 16, what is 26b15 - -7a?
26b8f
In base 6, what is 112013 + -304350?
-152333
In base 15, what is -1e - -ddd4a?
ddd2b
In base 16, what is 151a04 - -8?
151a0c
In base 3, what is -20 - 10202001121210?
-10202001122000
In base 8, what is -13531133 - 2?
-13531135
In base 13, what is 1876 + 2096?
393c
In base 16, what is -10e90f2b - 0?
-10e90f2b
In base 11, what is 336a3a7 + 35?
336a431
In base 8, what is -17466463 + -2?
-17466465
In base 10, what is 256 + -3036770?
-3036514
In base 13, what is -1778 - -89b6?
723b
In base 2, what is 111010010110000 + -100010010110?
110110000011010
In base 8, what is -7404 + 242?
-7142
In base 3, what is -1211011101 - 222222?
-1212011100
In base 2, what is -101 + 110000010001101110100110?
110000010001101110100001
In base 16, what is -1ae1 - b11?
-25f2
In base 15, what is 22c9b0 + -2?
22c9ad
In base 14, what is 15 + 13392c?
133943
In base 8, what is 3 + 15165326?
15165331
In base 14, what is 0 + 304558?
304558
In base 9, what is -43318 - 272?
-43601
In base 13, what is 1975 + 31?
19a6
In base 4, what is -13201023 - 113112?
-13320201
In base 11, what is -323 - -141?
-192
In base 13, what is 51b15a + -a?
51b150
In base 5, what is -12433021004 - -10?
-12433020444
In base 2, what is 1 - 111100011010100011011?
-111100011010100011010
In base 7, what is 5 + -12645023?
-12645015
In base 3, what is 10011201 + 12111210202?
12121222110
In base 5, what is 1 - 12100312232?
-12100312231
In base 13, what is -41b785ca - 3?
-41b78600
In base 10, what is 31500 - -12?
31512
In base 12, what is -2 - -13725925?
13725923
In base 14, what is -421478 - 13?
-42148b
In base 7, what is 562 + -35303?
-34411
In base 9, what is 23 + 8627263?
8627286
In base 6, what is -324314424231 + -4?
-324314424235
In base 12, what is -9a - 2750128?
-2750206
In base 2, what is 1111010101100001 - -10000010000?
1111100101110001
In base 16, what is 2c - -c0b9?
c0e5
In base 8, what is -54547 - -207?
-54340
In base 14, what is 174ac - d32?
1657a
In base 14, what is 2c68070 + -5?
2c68069
In base 10, what is 3 + -4435913?
-4435910
In base 3, what is -110021220212201 - 11?
-110021220212212
In base 6, what is 3 + -253105215?
-253105212
In base 9, what is -1001236581 - 3?
-1001236584
In base 4, what is 0 + -200131113100?
-200131113100
In base 7, what is -106121562353 - -1?
-106121562352
In base 10, what is -1800868027 + -1?
-1800868028
In base 11, what is 10226 - 31123?
-209a8
In base 16, what is 1be82 - bd?
1bdc5
In base 2, what is 10111 + 10000001101011010?
10000001101110001
In base 4, what is -213 + 113021301230?
113021301011
In base 11, what is -15 + 116987?
116972
In base 16, what is 6 + 29603b6?
29603bc
In base 6, what is 2302105 + -2534?
2255131
In base 2, what is -100000000010111 + 10001110010000?
-1110010000111
In base 8, what is -13 + -2444640?
-2444653
In base 2, what is -1001001100001011001 + -1?
-1001001100001011010
In base 9, what is 85878488 + 4?
85878503
In base 11, what is -27 + 127592?
127566
In base 11, what is -23282a62 - -4?
-23282a59
In base 11, what is 5 - 2423a23?
-2423a19
In base 2, what is 101010111101010011100 - -100?
101010111101010100000
In base 13, what is -b2 - -25368?
25286
In base 7, what is -2206015 - -334?
-2205351
In base 4, what is 331320210 + 3123?
331323333
In base 9, what is 326056 + 17?
326074
In base 5, what is 20210111 - -11?
20210122
In base 16, what is -55602 + -8?
-5560a
In base 10, what is 25 + -1048875?
-1048850
In base 7, what is -1423 - -5161123?
5156400
In base 4, what is 111121232 + -100231?
111021001
In base 6, what is 2 + 30250002?
30250004
In base 2, what is 101001 - -101110110101111111110?
1011101